base 3, what is -1201011 + -2?
-1201020
In base 8, what is -2121 + 35?
-2064
In base 4, what is -1 + 233012?
233011
In base 4, what is -101 + 12032?
11331
In base 3, what is -2110 - 11100?
-20210
In base 7, what is -144 + -6531?
-10005
In base 5, what is 212430 - -2?
212432
In base 15, what is -123 + -e8?
-21b
In base 15, what is 5 + 268c?
2692
In base 10, what is -1 + 250478?
250477
In base 10, what is 1573 + -3?
1570
In base 16, what is 28 - -8e?
b6
In base 2, what is 100011110 - 100101110?
-10000
In base 6, what is -10 + 4?
-2
In base 9, what is -41 - 14162?
-14213
In base 2, what is 1011 - -100110111101?
100111001000
In base 2, what is -1101011011110111110 + 11?
-1101011011110111011
In base 11, what is -1465 - 33?
-1498
In base 15, what is 2504 - 12?
24e2
In base 10, what is -1283 + -2280?
-3563
In base 9, what is -208512 + -4?
-208516
In base 14, what is -7cbb - -20?
-7c9b
In base 12, what is -2275 + -18?
-2291
In base 4, what is 0 - 131132233?
-131132233
In base 7, what is -20432 + 205?
-20224
In base 9, what is -4277 - -8?
-4268
In base 16, what is f41 + 33?
f74
In base 14, what is -d1 - -3d0b?
3c1a
In base 2, what is -1011111 + -111010011?
-1000110010
In base 13, what is 5 + -32?
-2a
In base 16, what is 191f + 11?
1930
In base 10, what is -62 + 1500?
1438
In base 4, what is 3 - -12102?
12111
In base 14, what is 9c032 - 3?
9c02d
In base 9, what is 0 + 374187?
374187
In base 13, what is -5 + 10c29?
10c24
In base 14, what is -a + 153adc?
153ad2
In base 6, what is -54312101 - -5?
-54312052
In base 10, what is 280 + 4?
284
In base 11, what is -434149 + -1?
-43414a
In base 12, what is -14 - a94?
-aa8
In base 14, what is -3 - -2c602?
2c5dd
In base 14, what is -349 + 54?
-2d5
In base 2, what is -11101110 - 1100100?
-101010010
In base 4, what is -1002301332 - -1?
-1002301331
In base 12, what is -280 + 60?
-220
In base 4, what is -12 - 111013310?
-111013322
In base 15, what is -52 + -106?
-158
In base 6, what is -33 + 330302?
330225
In base 16, what is -2e1c32 + -5?
-2e1c37
In base 16, what is -562b + -5?
-5630
In base 16, what is 4689 + -52?
4637
In base 10, what is 39352 - 55?
39297
In base 13, what is 999c + 2?
99a1
In base 6, what is 54050 - -400?
54450
In base 8, what is -3062 - -70?
-2772
In base 3, what is -21212 + -2111112?
-2210101
In base 9, what is -75082 - 3?
-75085
In base 2, what is 110101001001011001 - 1?
110101001001011000
In base 7, what is -6205 + -1454?
-10662
In base 14, what is a + -1a49?
-1a3d
In base 9, what is -8 + 16887?
16878
In base 2, what is 110 + 10110001010101111011?
10110001010110000001
In base 4, what is 21121 + -1121?
20000
In base 12, what is 222 - 1?
221
In base 11, what is 2a59 + -1?
2a58
In base 16, what is -5012 + -3?
-5015
In base 5, what is -4443 - 14032?
-24030
In base 12, what is 62 - 16?
48
In base 2, what is -11111 - 1011100000101000?
-1011100001000111
In base 10, what is -318 + 78?
-240
In base 10, what is -10538 + -9?
-10547
In base 5, what is -2 + 114020?
114013
In base 5, what is 1121 + 10401?
12022
In base 9, what is 3 - -74414?
74417
In base 12, what is 57 - 116?
-7b
In base 10, what is 10 + 27709?
27719
In base 9, what is -1 + 178532?
178531
In base 10, what is -11 + -6249?
-6260
In base 12, what is 4 - -76341?
76345
In base 8, what is -62356 - 20?
-62376
In base 8, what is -65 - -11447?
11362
In base 12, what is 1b7584 + 5?
1b7589
In base 16, what is 227e - -4b?
22c9
In base 16, what is 1d23b - 0?
1d23b
In base 6, what is -3353 - -2234?
-1115
In base 8, what is 1544 - 2100?
-334
In base 13, what is 170c + -24?
16b8
In base 2, what is 101101101101011 + 1?
101101101101100
In base 12, what is 1b - -1261?
1280
In base 6, what is 1105 - -3253?
4402
In base 15, what is 171 - -4d?
1be
In base 8, what is 134153 - -5?
134160
In base 7, what is -23404 + -10?
-23414
In base 16, what is 4 + -a178?
-a174
In base 14, what is -3a - -9d53?
9d17
In base 5, what is -311411003 - 0?
-311411003
In base 3, what is 11 + -212101000211?
-212101000200
In base 12, what is -2 + 9979?
9977
In base 2, what is 100111010110101000 + 101?
100111010110101101
In base 14, what is 3 + -2c97?
-2c94
In base 15, what is 3 - -334e?
3352
In base 3, what is -1200021 + 1201?
-1121120
In base 12, what is 26 - -12b?
155
In base 8, what is -7 - 15?
-24
In base 14, what is -1 - -843b?
843a
In base 2, what is -1 - 100011001111000001?
-100011001111000010
In base 4, what is 1 - 12131010?
-12131003
In base 16, what is 2f15 + 1?
2f16
In base 8, what is 47 - -474?
543
In base 8, what is -24774 - -11?
-24763
In base 7, what is 26 + -24151?
-24122
In base 15, what is -13a19 - -8?
-13a11
In base 4, what is 1301003 + -13121?
1221222
In base 12, what is 3 - -182a1?
182a4
In base 5, what is 14 - 12223?
-12204
In base 13, what is 15 - -87a7?
87bc
In base 16, what is -1c3 + 1e7?
24
In base 16, what is -3a5c + -3?
-3a5f
In base 8, what is -264034 + -2?
-264036
In base 16, what is 4 - -253c?
2540
In base 5, what is 30 + 212311?
212341
In base 7, what is -406 - 222?
-631
In base 9, what is -547303 + 2?
-547301
In base 8, what is -2421 - -247?
-2152
In base 16, what is 20d - -e86?
1093
In base 11, what is 225 - 61?
174
In base 12, what is -2 - 1a1914?
-1a1916
In base 12, what is 968 - -106a?
1a16
In base 11, what is 10a + 1034?
1143
In base 14, what is -608 - 3?
-60b
In base 2, what is 10001011110 - 11010101?
1110001001
In base 8, what is 2643 - 6?
2635
In base 6, what is 100244 - 11?
100233
In base 6, what is 4 - -12205444?
12205452
In base 15, what is -25b - -114d?
de2
In base 3, what is -10120021000110 - 1?
-10120021000111
In base 15, what is -2 - 4046?
-4048
In base 2, what is 1100100000000011 - -101?
1100100000001000
In base 2, what is -10110000000 + -10100000010?
-101010000010
In base 12, what is 3 - -302b7?
302ba
In base 16, what is -1 - c024?
-c025
In base 16, what is 2 + -2d1a?
-2d18
In base 13, what is cc - -641b?
651a
In base 12, what is 13193 + -1?
13192
In base 14, what is 19a + -75?
125
In base 11, what is -1935 + -30a?
-2144
In base 8, what is 13 - 324424?
-324411
In base 12, what is -347ba1 - 2?
-347ba3
In base 12, what is 482a + 1b?
4849
In base 13, what is 5 + 3b32?
3b37
In base 6, what is -21 - 43322?
-43343
In base 15, what is -b2c06 - -a?
-b2beb
In base 15, what is -6a2 + -a?
-6ac
In base 7, what is 5 - 1006400?
-1006362
In base 6, what is -5 - -535341?
535332
In base 9, what is 22 + -624?
-602
In base 8, what is -744 + 66?
-656
In base 6, what is 4 - 2302323?
-2302315
In base 16, what is -24816 + -5?
-2481b
In base 14, what is 3 + -d78?
-d75
In base 14, what is 7 - 7c6?
-7bd
In base 12, what is 5 + -5711?
-5708
In base 7, what is 15 - -152444?
152462
In base 3, what is -2011 - -1122012122?
1122010111
In base 9, what is 0 - -112518?
112518
In base 7, what is -1 - -453?
452
In base 3, what is 1 - 220020202?
-220020201
In base 11, what is 7 + -9912?
-9906
In base 10, what is -205054 - -5?
-205049
In base 6, what is -2 - 5254134?
-5254140
In base 16, what is 17 - -49d?
4b4
In base 10, what is -2 + 10555?
10553
In base 16, what is -297 - -5e5?
34e
In base 11, what is 15837 + -4?
15833
In base 12, what is -10517 + -5?
-10520
In base 2, what is -11011111 + -11100100100?
-100000000011
In base 9, what is 1470 - -848?
2428
In base 10, what is -41735 - 4?
-41739
In base 14, what is -5b4 + -2?
-5b6
In base 10, what is 102646 + 13?
102659
In base 10, what is 0 - -678216?
678216
In base 15, what is -10 - -26d2?
26c2
In base 9, what is -23 + -13624?
-13647
In base 15, what is 14c + 2323?
2470
In base 5, what is -1330223 - -34?
-1330134
In base 6, what is 3 + -1331220?
-1331213
In base 11, what is -95 + 30a1?
3007
In base 3, what is 111011 + -100100?
10211
In base 4, what is 213013203 - 2?
213013201
In base 8, what is 2 + -157307?
-157305
In base 7, what is 13 - 1462?
-1446
In base 16, what is 2 - -2884?
2886
In base 9, what is -30 + -18783?
-18823
In base 7, what is 34 - 33660?
-33623
In base 14, what is -12 + 932?
920
In base 4, what is -1 - 330131311?
-330131312
In base 16, what is d4169 - 0?
d4169
In base 8, what is 10 - 712547?
-712537
In base 3, what is 1011000 + 10111120?
11122120
In base 5, what is 13 + 14010?
14023
In base 14, what is 1115 - -1?
1116
In base 6, what is -4 + 110035?
110031
In base 14, what is 4227 - -4?
422b
In base 3, what